88
Calculate the greatest common divisor of 203 and 2800.
7
Calculate the highest common divisor of 1850 and 7474.
74
What is the highest common divisor of 121247 and 7?
7
What is the highest common divisor of 50 and 66275?
25
Calculate the highest common factor of 1032 and 159100.
172
Calculate the highest common divisor of 406 and 15000482.
406
Calculate the greatest common divisor of 26040 and 14539.
217
What is the greatest common divisor of 3022 and 282?
2
What is the highest common divisor of 4 and 12332?
4
Calculate the greatest common divisor of 1355133 and 26.
13
What is the highest common divisor of 16951 and 92?
23
What is the highest common factor of 9570 and 6438?
174
What is the highest common divisor of 8276 and 8?
4
What is the greatest common factor of 6226 and 88?
22
Calculate the highest common factor of 3310008 and 206.
206
Calculate the highest common divisor of 12832 and 1056.
32
What is the greatest common factor of 2854 and 1431281?
1427
Calculate the greatest common factor of 523458 and 102.
6
What is the greatest common divisor of 406 and 37555?
203
What is the highest common factor of 174522 and 153?
51
Calculate the highest common divisor of 897 and 2912.
13
What is the greatest common factor of 863688 and 970?
194
What is the highest common divisor of 986 and 5162?
58
What is the greatest common divisor of 98 and 1834?
14
Calculate the greatest common factor of 384282 and 216.
18
Calculate the highest common factor of 1188 and 4428.
108
What is the greatest common divisor of 7848 and 1552?
8
What is the greatest common divisor of 17 and 1815617?
17
What is the highest common divisor of 27 and 46377?
9
What is the greatest common divisor of 332 and 72293?
83
What is the greatest common factor of 345 and 194880?
15
What is the highest common divisor of 1010628 and 24?
12
Calculate the highest common divisor of 47994 and 627.
57
Calculate the highest common divisor of 321 and 519.
3
Calculate the highest common divisor of 552231 and 9.
9
Calculate the highest common factor of 33224 and 1888.
8
Calculate the greatest common factor of 506588 and 1780.
356
What is the greatest common divisor of 141865 and 4335?
85
What is the greatest common divisor of 78 and 5628?
6
What is the greatest common divisor of 757769 and 1004?
251
What is the greatest common divisor of 6148520 and 3920?
1960
Calculate the greatest common factor of 42718 and 180518.
1378
Calculate the highest common factor of 48 and 43992.
24
Calculate the greatest common divisor of 297 and 837.
27
Calculate the greatest common divisor of 284 and 2572.
4
What is the greatest common divisor of 848 and 1284?
4
Calculate the highest common divisor of 203 and 108112.
29
What is the highest common factor of 9481 and 60379?
499
What is the highest common divisor of 770847 and 1122?
33
What is the highest common factor of 65201 and 2885?
577
What is the greatest common divisor of 1346475 and 4875?
975
What is the highest common divisor of 12885876 and 4?
4
Calculate the greatest common divisor of 84861 and 147.
21
What is the highest common factor of 14 and 1655542?
14
What is the highest common factor of 219324 and 735?
147
What is the greatest common divisor of 1613187 and 9?
9
What is the highest common divisor of 9675 and 9900?
225
What is the greatest common factor of 12 and 1797?
3
Calculate the highest common divisor of 1844 and 44717.
461
What is the greatest common divisor of 645 and 129405?
15
What is the greatest common divisor of 10944 and 1235?
19
Calculate the highest common factor of 11 and 1380665.
11
Calculate the highest common divisor of 596 and 496.
4
What is the greatest common divisor of 44 and 381172?
44
Calculate the greatest common factor of 336547 and 437.
19
What is the highest common divisor of 30 and 51915?
15
Calculate the greatest common factor of 50 and 18890000.
50
Calculate the highest common factor of 8160 and 18972.
204
Calculate the highest common divisor of 7564 and 21716.
244
What is the highest common divisor of 498906 and 26?
2
Calculate the highest common divisor of 1152896 and 896.
128
Calculate the highest common divisor of 162 and 1583334.
54
Calculate the highest common divisor of 342 and 124450.
38
Calculate the greatest common factor of 27962 and 22550.
902
Calculate the highest common divisor of 483079 and 386.
193
Calculate the highest common factor of 4641 and 2723.
7
Calculate the highest common divisor of 3211 and 269971.
247
What is the highest common factor of 1166 and 25387?
53
Calculate the highest common factor of 81 and 73791.
81
Calculate the highest common factor of 1757104 and 16.
16
Calculate the highest common divisor of 261626 and 1542.
514
What is the highest common divisor of 40 and 11369240?
40
What is the highest common divisor of 21409 and 2981?
271
Calculate the greatest common divisor of 95078 and 40946.
694
What is the highest common divisor of 110 and 38730?
10
What is the greatest common divisor of 276017 and 1834?
917
What is the greatest common divisor of 427689 and 9?
9
Calculate the greatest common divisor of 1628 and 13068.
44
What is the greatest common factor of 20 and 63610?
10
What is the highest common divisor of 116872 and 1736?
56
What is the greatest common factor of 77 and 448?
7
What is the highest common factor of 4684155 and 735?
735
What is the greatest common factor of 11956 and 36844?
244
Calculate the greatest common factor of 1 and 10611.
1
What is the greatest common divisor of 27306 and 12054?
246
Calculate the greatest common divisor of 315 and 215955.
45
What is the highest common factor of 1155 and 543?
3
What is the greatest common factor of 2071256 and 352?
88
Calculate the highest common factor of 2294 and 518.
74
What is the greatest common factor of 458 and 3?
1
Calculate the highest common divisor of 3263 and 429.
13
What is the highest common factor of 18 and 127422?
18
Calculate the highest common divisor of 462 and 41734.
154
Calculate the highest common divisor of 117138 and 84.
42
Calculate the greatest common factor of 19 and 4579.
19
Calculate the highest common factor of 39050 and 36707.
781
What is the greatest common factor of 9672 and 458614?
806
What is the greatest common factor of 89864 and 188?
188
What is the highest common divisor of 12 and 2922?
6
Calculate the highest common factor of 22005 and 3423.
489
What is the greatest common factor of 11328 and 72?
24
What is the greatest common divisor of 169171 and 334?
167
Calculate the greatest common factor of 186550 and 2600.
650
What is the greatest common divisor of 18 and 124290?
18
Calculate the highest common divisor of 980 and 2110.
10
Calculate the greatest common divisor of 161 and 8234.
23
What is the highest common factor of 3920 and 5936?
112
What is the highest common factor of 98544 and 528?
48
What is the greatest common factor of 63 and 64008?
63
What is the greatest common factor of 81964 and 744?
124
Calculate the greatest common factor of 134 and 1531486.
134
What is the highest common factor of 15355 and 7055?
415
Calculate the greatest common divisor of 9 and 8433.
9
Calculate the highest common factor of 160 and 630160.
80
What is the greatest common divisor of 84 and 22536?
12
Calculate the highest common divisor of 3514 and 1918.
14
Calculate the highest common divisor of 53690 and 11210.
590
Calculate the highest common factor of 37619 and 3.
1
Calculate the highest common factor of 55252 and 6840.
76
Calculate the highest common divisor of 31045 and 140.
35
Calculate the highest common factor of 3552 and 928404.
444
Calculate the greatest common divisor of 253 and 1357.
23
Calculate the greatest common divisor of 848 and 30157.
53
Calculate the greatest common divisor of 565080 and 1240.
40
What is the highest common factor of 171951 and 39?
39
Calculate the greatest common factor of 5925 and 183.
3
What is the greatest common divisor of 9204 and 22?
2
Calculate the highest common factor of 4555428 and 12.
12
Calculate the highest common factor of 190 and 9920.
10
Calculate the greatest common divisor of 3938892 and 732.
732
What is the greatest common factor of 327819 and 483?
69
Calculate the highest common divisor of 4717 and 22949.
53
What is the highest common f